k = 118 - r. What is the tens digit of k?
5
Suppose 6391 - 1735 = -12*h. Let n = -183 - h. What is the hundreds digit of n?
2
Suppose -2*q = -3*q + 5*g + 338, -2*q - 3*g = -715. What is the hundreds digit of q?
3
Let k(h) = -3*h - 13. Let q be k(-6). Suppose -6*i + 5 = 5*l - i, -5 = -q*i. Let g = l - -8. What is the units digit of g?
8
Let v(o) = 3*o**2 + 1 - o**3 + o + 0 - 5 - 7*o. Let m(s) = s**3 - 4*s**2 + 7*s + 5. Let w(g) = 4*m(g) + 5*v(g). What is the units digit of w(-3)?
4
Suppose 2*g + 706 = z, -5*z - g = -0*z - 3497. What is the tens digit of z?
0
Let f(q) = -18*q - 8. What is the tens digit of f(-33)?
8
What is the tens digit of 2211 + 3 + -16 + 11?
0
Let l = -546 - -1327. What is the units digit of l?
1
Let t = -101 - -29. What is the tens digit of 4/18 + (-5096)/t?
7
Let l = -9 - -9. Suppose -y = 0, 2*y - 144 = -3*r - l*r. Suppose -4*o + 109 = 5*v, v = 2*o - 3*v - r. What is the units digit of o?
6
Let u = 7 + 11. Let z be (-48)/(-9)*u/8. Suppose 4*b = 2*b + z. What is the units digit of b?
6
Suppose -b + 0*b + 5 = 0. Suppose -2*x - 112 = -m, 10*x - 140 = -m + b*x. Suppose m = g + 4*g. What is the tens digit of g?
2
Let p = -2355 + 4322. What is the tens digit of p?
6
Let r(c) = c**2 + 7 - 3 - c**3 + 0*c**2 + 0*c**2. Let v be r(0). What is the tens digit of (-1704)/(-108) - v/(-18)?
1
Suppose -17*c + 18*c - 2574 = -w, 0 = -5*c + 5*w + 12910. What is the thousands digit of c?
2
Let m be (-25)/15 + -3 + 2/3. Let z(a) = 15*a**2 + 2*a + 7. What is the hundreds digit of z(m)?
2
Let k(n) = n**3 + 6*n**2 - 4*n - 20. Let y be k(-6). What is the tens digit of ((-2860)/(-40))/(2/y)?
4
Suppose 1321 = 2*g - 2*f - 1803, 3*g + 3*f - 4704 = 0. What is the units digit of g?
5
Suppose -2*f - 3141 = -8801. What is the thousands digit of f?
2
Let g(v) = -204*v + 47. What is the units digit of g(-5)?
7
Let k(h) = -357 - 16*h - 14*h + 341. What is the hundreds digit of k(-8)?
2
Let k(y) = 7*y + 24. Let p(j) = -j**3 - 5*j**2 - 6*j + 4. Let m be p(-4). What is the tens digit of k(m)?
0
Suppose 7*m - 252 = 5*m. What is the tens digit of m?
2
Let y(c) be the second derivative of c**4/4 - 7*c**3/6 + 5*c**2/2 + 11*c. Let p be y(5). Suppose 0*i = -3*i + p. What is the units digit of i?
5
Let z be -179 - (3 + -3)/(-2). Let a = -88 - z. What is the units digit of a?
1
Suppose j - f + 21 = 4*f, 2*j + 5*f + 27 = 0. Let m be (-1)/(-4) - 2908/j. Suppose 3*b - m = 25. What is the tens digit of b?
6
Let i(d) = d**2 - 37*d - 213. What is the units digit of i(-20)?
7
Suppose -s + 10 = j + 1, 5*s = 3*j + 5. Let a(m) = -m + 7. Let d be a(s). Suppose -5*l = -y - 0*l + d, 1 = l. What is the units digit of y?
8
Suppose 3*b - a + 11 = 0, 4*b - 5*a = -0*a. Let m = b + 11. Suppose -m = 3*l - 30. What is the units digit of l?
8
Let l(w) be the third derivative of w**5/30 - 13*w**4/24 - 5*w**3/2 - 21*w**2. What is the units digit of l(-7)?
4
Let w(d) = d**3 + 8*d**2 + 5*d - 10. Let s be w(-7). What is the units digit of (-292)/(-6)*(-3 - (-18)/s)?
3
Suppose 45*f = 43*f + 490. What is the units digit of f?
5
What is the hundreds digit of (-16)/(-32) - 2834/(-4)?
7
Suppose -20 = -b - 3*b. Let w(n) = 0*n - 11 + b + n**2 - 4*n. What is the tens digit of w(7)?
1
What is the tens digit of ((-4)/6)/(26/(-39)) - -87?
8
Suppose 8 = -0*j + 2*j. Suppose x = j*x. Suppose -5 = n, -g - 2*g - n + 61 = x. What is the units digit of g?
2
Let f(u) = -u**2 + 16*u + 31. Let n be f(18). What is the units digit of -310*5/(n*2)?
5
What is the units digit of -185*9/(495/(-814))?
8
Let w(i) = 90*i**2 - 2*i. Let x be w(-2). Suppose 5*l = -5*j + 910, -2*l - j + x = -0*j. What is the tens digit of l?
8
Let b be (-6)/9 - (-256)/(-12). Let g = b - -20. What is the tens digit of 2*(22 - 0/g)?
4
Suppose 897 + 297 = 6*c. What is the hundreds digit of c?
1
Let f = 7 + -8. Let l be (-186)/(-8) + f/4. Suppose -3*w + l = -34. What is the units digit of w?
9
Let c(s) = -388*s - 670. What is the units digit of c(-13)?
4
Suppose f + 3*f = -3*h + 224, -f = 3*h - 227. Suppose h = v - 21. What is the units digit of v?
7
Let t = 4 - 2. Suppose -t*i + 0*i + 424 = 0. Suppose 0 = -8*a + 4*a + i. What is the tens digit of a?
5
What is the hundreds digit of 1263*((-24)/(-18))/4?
4
Suppose 0 = -q + 7*f - 4*f + 491, 4*f = 4*q - 1932. What is the hundreds digit of q?
4
Let o be 7 - (0 + 3)/(6 + -5). What is the tens digit of 891/12 + -4 + 15/o?
7
Let w(s) = -s**2 - 8*s - 7. Let m be w(-6). Suppose 0*f = -m*f + 95. What is the tens digit of f?
1
Let q = -27 - -28. Let o = -3 + q. What is the tens digit of 175/8 + o/(-16)?
2
Let v be (3 - 2)*(4 - 4 - -2). Suppose -4*k + 1020 = v*k. What is the units digit of k?
0
Let g(q) = 3*q - 10. Let n be g(4). Suppose n*t + 9 = 5*t. Suppose t*s - s = 60. What is the units digit of s?
0
Suppose p + 3*h = 1160, -2*h = -5*p + 9311 - 3545. What is the hundreds digit of p?
1
What is the hundreds digit of 81/(-108)*-358*(1 - -1)?
5
Let b = -22 + 24. Suppose b*x - 8*x = -1440. Suppose -k - 4*k = -x. What is the units digit of k?
8
Suppose -2*j + 5*p - 6 = 11, -3*j - p + 17 = 0. Suppose 276 = 4*n - v, -j*n + 2*n = -2*v - 138. What is the units digit of n?
9
Let y = 4 + 16. Let b be y/11 - 14/(-77). Suppose 2*c - 3*f = 38, 5*c - b*f - 94 = -21. What is the tens digit of c?
1
Let b = 22 + -19. Let l = 2 + b. Suppose 130 = 5*q + l*d, d = -5*q - d + 139. What is the units digit of q?
9
Let u be 11/22*(-8)/2. What is the units digit of (-6)/9*186/u?
2
Let g = -7 - -6. Let u be g/(2 - (-1215)/(-609)). What is the units digit of u/(-28) - (-2)/(-8)?
7
Suppose -4*z - 5*i = -2373, z = -6*i + 3*i + 602. What is the tens digit of z?
8
Let a(h) = -48*h + 1037. What is the tens digit of a(0)?
3
Let i be 6*(-18)/4*3. Let u be (-61 - -7) + (0 - 0/1). Let y = u - i. What is the units digit of y?
7
What is the tens digit of (-42 + 48)*-16*(-1)/3?
3
Let f(q) = q**3 + 12*q**2 + 7*q - 16. Let j be f(-11). Suppose 2*a = 4*a - 2*s - j, -s = -4*a + 50. What is the units digit of a?
2
Suppose -5*j - 4*m = -741, 2*j = 5*j + 2*m - 445. What is the units digit of j?
9
Suppose -c = -10 + 4. What is the units digit of (-22 + (-2 - 1))*(c + -7)?
5
Suppose y = 4*y - 5*u - 14, 3*u = 5*y - 18. Suppose 0*q + 9 = -y*q. What is the tens digit of 3 - (q - 0 - 15)?
2
Suppose 1 + 17 = r. Suppose 0 = -3*n + 3*c - 7*c + 14, -r = -n - 4*c. What is the units digit of n/(-18) + 788/36?
2
Suppose o = y - 6, -3*y + 3*o = y - 20. Suppose -l - 4*c - 113 = -y*l, -c = 4*l - 520. What is the units digit of l?
9
Let w(f) = 214*f - 1108. What is the hundreds digit of w(27)?
6
Suppose 0*h + h - 214 = 0. Suppose 228 = -12*t + 12. What is the tens digit of (-6)/t + h/6?
3
Suppose 5*y + 4*o - 729 + 183 = 0, -4*y = -o - 420. Suppose 2*s - y = 5*d, 2*s - d - 122 = -0*d. What is the tens digit of s?
6
Suppose 16 = 3*v - 2*f, f = -0*v - 5*v + 18. Suppose -v*m = -5*m. Suppose 15 = -m*j + j. What is the tens digit of j?
1
Let r(p) be the third derivative of 0 + 11*p**2 - 1/2*p**3 - 1/24*p**4 + 0*p. What is the units digit of r(-13)?
0
Let j = -1321 - -2033. What is the hundreds digit of j?
7
Suppose -415*c = -421*c + 282. What is the units digit of c?
7
Let m(x) = 38*x + 46. Suppose -4*o - 51 = -5*f, -5*o = 5*f - 5 - 10. What is the tens digit of m(f)?
1
Let h be (-130)/(-18) - (-14)/(-63). Suppose -4*v + 2*d + 11 = -v, -3*v + h = -4*d. Suppose -v*a - 110 = -380. What is the units digit of a?
4
Let i(r) = 282*r**2 + 3*r + 1. Let y be i(-1). Suppose -1780 = -10*s - y. What is the tens digit of s?
5
Suppose 97*c = 98*c - 602. What is the hundreds digit of c?
6
Let i(k) = 2*k**2 - k + 6. Let n be i(4). Suppose -2*f - 14 = 3*u - n, -2*u + 16 = 2*f. What is the units digit of f?
4
Let y(v) = -3*v**2 + 4*v + 8. Let p be y(-4). Let f = p + 133. What is the units digit of f?
7
Let c(y) = y**3 - 43. Let m be c(0). Let q = 164 - 140. Let v = q - m. What is the units digit of v?
7
Let t be 1/1 + (163 - 0). Let a = t - 84. What is the tens digit of a?
8
Suppose -150 = -4*f - 2*f. Let z = 106 - f. What is the tens digit of z?
8
Let m = 595 - 345. What is the units digit of m?
0
Let j = -536 + 929. Suppose j = -9*w + 12*w. What is the units digit of w?
1
Suppose 10*f = 38 + 62. What is the hundreds digit of f/70 - (-888)/7?
1
Suppose -5*k + 4*k = -17. Suppose 0 = 3*v - k